NOAA-style Climate Reports for Audley UK


Report for 2019 Aug
                   Monthly Climatological Summary for Aug 2019

Name: Audley   City: Stoke-on-Trent   County: Staffordshire   Country: UK
Elevation: 140 m  Lat: N 53 03' 19"   Lon: W 002 18' 04"

                  Temperature (C), Rain (mm), Wind Speed (mph)

                                      Heat  Cool        Avg
    Mean                              Deg   Deg         Wind                 Dom
Day Temp  High   Time   Low    Time   Days  Days  Rain  Speed High   Time    Dir
----------------------------------------------------------------------------------
 1  17.3  21.3   15:10  14.9   06:19   0.1   0.0   0.8   1.2  11.4   03:30   WNW
 2  18.0  22.9   17:18  13.6   05:58   0.3   0.0   0.1   0.4   7.6   18:53    NE
 3  18.6  22.8   15:29  14.9   05:12   0.0   0.0   3.7   0.3   7.6   13:02    SE
 4  18.6  24.0   17:13  15.3   06:02   0.0   0.0   5.0   0.7  15.2   18:10   SSE
 5  17.2  21.0   16:20  14.7   23:53   0.1   0.0   0.1   2.7  15.9   09:57   WSW
 6  17.2  22.0   13:59  13.5   06:06   0.4   0.0   0.4   3.2  20.6   15:27   WSW
 7  16.7  20.4   16:08  14.0   06:30   0.3   0.0   0.1   4.6  25.1   15:35   WSW
 8  17.5  23.3   18:02  13.1   05:30   0.6   0.0   0.1   1.1   9.8   02:14    SW
 9  18.1  22.0   16:11  16.0   01:11   0.0   0.0  38.3   2.4  15.2   14:03    SE
10  16.3  18.4   13:43  14.5   23:31   0.1   0.0   0.9   6.0  34.2   15:49   WSW
11  14.6  16.3   13:58  11.4   23:48   0.9   0.0   1.5   2.7  18.3   00:05     W
12  13.0  16.6   15:46  10.1   06:31   2.6   0.0   3.4   2.4  15.2   10:01     W
13  13.3  18.6   17:56   9.4   06:50   2.6   0.0   2.1   1.6  13.6   08:55     W
14  14.6  17.6   17:52  12.2   03:03   1.3   0.0   1.6   2.0  21.3   22:42   SSW
15  15.1  18.3   17:42  13.1   22:52   0.8   0.0   0.9   3.6  22.1   05:42     W
16  14.7  16.2   18:28  12.8   04:48   1.0   0.0  21.4   2.6  15.2   22:34   SSE
17  15.8  20.1   17:32  12.9   06:36   0.9   0.0   0.3   5.0  24.4   13:45   WSW
18  15.0  19.4   15:54  11.8   05:31   1.3   0.0   0.0   5.5  28.9   16:07   WSW
19  14.8  18.9   17:29  12.4   23:29   1.2   0.0   5.9   4.5  22.8   15:09   WSW
20  14.2  19.3   17:07  10.8   06:19   1.8   0.0   2.1   3.0  17.4   15:22   WSW
21  15.4  19.3   12:44  12.1   06:41   1.2   0.0   0.8   2.6  17.4   16:40    SW
22  16.9  19.9   14:55  14.0   04:24   0.4   0.0   0.1   4.2  21.3   17:35   WSW
23  18.3  24.5   18:04  14.6   06:38   0.1   0.0   0.0   0.8   9.8   00:17   SSW
24  19.3  26.6   17:57  13.3   06:22   0.2   0.1   0.0   0.4   7.6   15:39    SE
25  20.9  29.2   17:57  16.3   04:10   0.0   0.5   0.0   1.0  10.7   15:36    SE
26  18.3  26.3   18:02  14.5   04:43   0.2   0.0   0.0   0.3   6.9   14:25   WNW
27  18.5  23.4   14:25  14.4   06:28   0.1   0.0   0.0   0.4   9.2   13:38   WSW
28  14.8  17.3   00:00  11.8   23:18   0.9   0.0   5.1   0.8  12.1   16:27   WSW
29  14.4  19.4   16:07   9.6   02:37   1.9   0.0   0.1   1.8  23.5   14:43    SW
30  17.1  21.2   15:01  14.1   04:37   0.3   0.0   0.0   3.0  22.1   10:51    SW
31  15.2  17.1   17:41  11.3   23:47   0.7   0.0   0.2   2.3  16.8   16:12   SSW
----------------------------------------------------------------------------------
    16.4  29.2    25     9.4    13    22.3   0.6  95.0   2.4  34.2    10     WSW

Max >=  27.0:  1
Max <=   0.0:  0
Min <=   0.0:  0
Min <= -18.0:  0
Max Rain: 38.3 on day 9
Days of Rain: 18 (>= 0.2 mm)  9 (>= 2.0 mm)  2 (>= 20.0 mm)
Heat Base: 15.5  Cool Base: 25.0  Method: Integration


Page updated 20/11/2018 17:26:21
© Sandaysoft 2009
powered by Sandy Software Cumulus software v1.9.2 by Steve Loft