NOAA-style Climate Reports for Audley UK


Report for 2019 Nov
                   Monthly Climatological Summary for Nov 2019

Name: Audley   City: Stoke-on-Trent   County: Staffordshire   Country: UK
Elevation: 140 m  Lat: N 53 03' 19"   Lon: W 002 18' 04"

                  Temperature (C), Rain (mm), Wind Speed (mph)

                                      Heat  Cool        Avg
    Mean                              Deg   Deg         Wind                 Dom
Day Temp  High   Time   Low    Time   Days  Days  Rain  Speed High   Time    Dir
----------------------------------------------------------------------------------
 1  11.0  13.9   14:28   7.2   00:01   4.5   0.0   8.0   1.4  15.9   14:36    SE
 2   8.6  12.2   00:00   7.2   06:17   6.9   0.0   2.7   0.9  16.8   01:23   SSW
 3   7.7   9.9   13:32   6.2   08:54   7.8   0.0   0.9   0.1   8.3   13:33     W
 4   7.6   9.4   14:21   5.9   19:14   7.9   0.0   2.6   0.0   5.4   14:48   ESE
 5   7.7   9.8   11:53   3.6   23:59   7.8   0.0   0.4   1.5  20.6   11:44   NNW
 6   5.1   6.4   21:49   3.4   01:16  10.4   0.0   4.2   0.1   8.3   21:37    SE
 7   5.5   6.2   00:00   4.5   06:49  10.0   0.0  28.5   0.7  15.9   23:53   ENE
 8   5.4   7.1   13:45   2.7   23:48  10.1   0.0   0.5   2.1  19.0   00:18   NNW
 9   2.2   4.5   14:15  -0.5   06:42  13.3   0.0   1.1   3.2  15.2   19:02   ESE
10   3.8   6.1   14:03   0.7   08:26  11.7   0.0   3.4   1.3  19.0   02:41     E
11   5.5   7.3   14:35   3.9   21:38  10.0   0.0   8.9   6.8  30.4   20:52     W
12   5.7   7.8   15:31   3.7   03:30   9.8   0.0   6.0   7.3  30.4   09:00     W
13   4.8   7.3   13:14   3.6   19:25  10.7   0.0   1.1   4.0  19.7   23:02     S
14   4.7   6.0   09:33   2.8   20:36  10.8   0.0   3.5   6.3  28.9   13:26    NE
15   5.8   7.8   13:34   3.5   00:00   9.7   0.0   0.7   3.9  19.0   17:15   NNW
16   6.5   7.7   12:41   5.4   02:30   9.0   0.0   3.7   1.4  13.0   00:13    NW
17   6.3   7.6   13:36   4.0   23:35   9.2   0.0   2.6   1.0  10.7   13:55   NNW
18   2.5   5.4   14:40   0.4   23:37  13.0   0.0   0.2   0.4   6.9   13:38    NW
19   2.1   4.8   23:51  -0.3   04:16  13.4   0.0   0.1   3.6  13.0   16:56    SE
20   2.6   5.0   00:08  -0.3   23:07  12.9   0.0   0.0   3.2   9.0   10:12   SSE
21   1.2   5.1   20:12  -0.2   01:03  14.4   0.0   0.3   8.2  23.5   05:24    SE
22   6.2   7.0   17:53   4.1   00:00   9.3   0.0   4.2   6.6  17.4   22:26    SE
23   8.2   9.1   12:57   6.8   00:01   7.3   0.0   2.7   4.7  19.7   04:48   ESE
24   7.9   8.9   23:02   6.9   05:33   7.6   0.0   0.5   1.2   9.8   23:56    SE
25   9.4  10.4   13:40   8.2   08:25   6.1   0.0   3.4   4.9  14.5   09:43    SE
26   9.0  11.3   14:05   7.8   21:54   6.5   0.0   1.0   4.0  18.3   10:19    SE
27   8.3   9.2   13:14   7.3   23:16   7.2   0.0   1.0   3.9  13.6   18:57     S
28   6.8   8.5   12:50   2.6   23:49   8.7   0.0   2.7   3.0  15.9   03:18   WNW
29   1.3   2.9   14:34   0.1   07:29  14.2   0.0   0.1   1.0   9.2   22:33    SE
30   1.1   3.3   13:51  -0.3   06:35  14.4   0.0   0.0   4.7  10.7   00:28    SE
----------------------------------------------------------------------------------
     5.7  13.9     1    -0.5     9   294.6   0.0  95.0   3.0  30.4    11      SE

Max >=  27.0:  0
Max <=   0.0:  0
Min <=   0.0:  5
Min <= -18.0:  0
Max Rain: 28.5 on day 7
Days of Rain: 26 (>= 0.2 mm)  15 (>= 2.0 mm)  1 (>= 20.0 mm)
Heat Base: 15.5  Cool Base: 25.0  Method: Integration


Page updated 20/11/2018 17:26:21
© Sandaysoft 2009
powered by Sandy Software Cumulus software v1.9.2 by Steve Loft