NOAA-style Climate Reports for Audley UK


Report for 2020 Feb
                   Monthly Climatological Summary for Feb 2020

Name: Audley   City: Stoke-on-Trent   County: Staffordshire   Country: UK
Elevation: 140 m  Lat: N 53 03' 19"   Lon: W 002 18' 04"

                  Temperature (C), Rain (mm), Wind Speed (mph)

                                      Heat  Cool        Avg
    Mean                              Deg   Deg         Wind                 Dom
Day Temp  High   Time   Low    Time   Days  Days  Rain  Speed High   Time    Dir
----------------------------------------------------------------------------------
 1   8.4  10.6   00:00   6.4   22:21   7.1   0.0   0.0   3.5  16.8   13:42   WSW
 2   7.6  10.5   14:29   5.1   05:49   7.9   0.0   8.1   2.1  13.0   14:31   WSW
 3   6.3   8.7   00:00   3.6   23:07   9.2   0.0   0.3   2.6  11.4   12:38     W
 4   5.7   7.8   15:17   3.8   00:00   9.8   0.0   0.5   3.4  15.2   01:18   WNW
 5   5.0   7.6   14:56   2.5   22:57  10.5   0.0   0.0   0.1   3.8   15:03   WSW
 6   3.0   6.9   14:27   0.0   06:42  12.5   0.0   0.0   0.1   3.8   21:28    SE
 7   3.9   9.0   23:56   0.5   08:51  11.6   0.0   0.0   2.8  11.4   20:39    SE
 8   7.1   9.4   14:34   4.3   08:29   8.4   0.0   6.0   2.2  13.0   02:55   SSW
 9   9.4  12.3   10:53   6.7   00:02   6.1   0.0  25.4   5.9  19.7   10:49   WSW
10   3.6   6.8   00:00   0.5   13:31  11.9   0.0   7.0   5.9  19.7   05:36   WSW
11   3.1   5.1   14:05   1.8   11:07  12.4   0.0   2.4   6.6  19.0   12:28   WSW
12   3.7   6.8   14:43   1.7   08:20  11.8   0.0   0.0   3.6  13.0   00:04   WSW
13   5.0   7.1   15:14   2.9   23:49  10.5   0.0   8.5   2.4  11.4   04:05     S
14   5.5   9.0   15:22   1.8   03:34  10.0   0.0   1.0   1.2   9.2   11:50   SSE
15   9.4  11.9   19:19   6.0   01:36   6.1   0.0  22.1   3.0  17.4   19:19   SSW
16   6.6   9.8   00:00   4.0   14:42   8.9   0.0  13.5   6.0  18.3   18:49   WSW
17   5.5   9.2   14:11   3.5   21:22  10.0   0.0   1.8   5.5  17.4   01:14   WSW
18   4.8   9.0   12:55   2.7   18:55  10.7   0.0   3.9   4.1  15.9   14:37   WSW
19   5.0   8.7   22:53   1.8   05:16  10.5   0.0   5.4   2.7  13.6   19:52   WSW
20   6.2   9.3   08:09   3.0   19:53   9.3   0.0  10.3   3.4  13.6   10:56     W
21   7.4   9.8   19:45   2.7   00:50   8.1   0.0   0.0   4.9  14.5   20:26   WSW
22   8.6  10.9   05:20   6.1   23:50   6.9   0.0   2.0   6.3  19.0   08:22   WSW
23   6.2  10.6   06:40   3.9   22:07   9.3   0.0  18.3   2.9  16.8   10:31   WSW
24   7.1  11.9   12:59   3.0   03:01   8.4   0.0   9.7   4.0  15.9   12:09   WSW
25   3.8   6.8   14:15   1.4   23:41  11.7   0.0   2.2   3.0  12.1   11:44   WSW
26   2.9   6.0   14:11   1.1   06:58  12.6   0.0   5.5   2.5  13.0   03:00     W
27   2.8   5.7   16:10   1.3   04:10  12.7   0.0   3.8   2.3  12.1   15:13   WNW
28   4.8   9.7   20:45   0.9   08:48  10.7   0.0   7.4   2.1  10.7   11:10    SE
29   5.7  10.1   03:02   1.4   12:49   9.9   0.0   6.1   4.7  19.0   12:31    SW
----------------------------------------------------------------------------------
     5.7  12.3     9     0.0     6   285.5   0.0 171.2   3.4  19.7     9     WSW

Max >=  27.0:  0
Max <=   0.0:  0
Min <=   0.0:  1
Min <= -18.0:  0
Max Rain: 25.4 on day 9
Days of Rain: 23 (>= 0.2 mm)  19 (>= 2.0 mm)  2 (>= 20.0 mm)
Heat Base: 15.5  Cool Base: 25.0  Method: Integration


Page updated 20/11/2018 17:26:21
© Sandaysoft 2009
powered by Sandy Software Cumulus software v1.9.2 by Steve Loft