NOAA-style Climate Reports for Audley UK


Report for 2020 Aug
                   Monthly Climatological Summary for Aug 2020

Name: Audley   City: Stoke-on-Trent   County: Staffordshire   Country: UK
Elevation: 140 m  Lat: N 53 03' 19"   Lon: W 002 18' 04"

                  Temperature (C), Rain (mm), Wind Speed (mph)

                                      Heat  Cool        Avg
    Mean                              Deg   Deg         Wind                 Dom
Day Temp  High   Time   Low    Time   Days  Days  Rain  Speed High   Time    Dir
----------------------------------------------------------------------------------
 1  16.2  20.7   12:05  13.3   23:57   0.3   0.0   0.0   1.6  14.5   12:11     W
 2  15.0  19.5   17:03  11.7   01:58   1.4   0.0   1.3   1.0  11.4   12:28     W
 3  14.3  18.6   15:56  11.3   06:06   1.6   0.0   0.2   1.2  13.0   15:14   WNW
 4  14.1  18.2   15:12   9.6   04:34   2.2   0.0   0.0   1.1  16.8   14:09   SSW
 5  18.7  22.6   14:01  15.7   05:45   0.0   0.0   1.0   2.2  17.4   10:02   WSW
 6  19.7  24.1   16:24  16.6   04:52   0.0   0.0   0.0   0.9   9.2   00:02    SW
 7  21.9  28.6   16:53  18.1   02:00   0.0   0.4   0.0   0.8  13.6   15:27   WSW
 8  20.1  25.1   17:14  16.7   23:54   0.0   0.0   0.0   1.5  14.5   20:10   ESE
 9  18.1  23.8   17:17  13.9   06:01   0.3   0.0   0.0   1.2  10.7   09:18   SSE
10  20.3  26.0   15:40  15.8   06:18   0.0   0.1   0.0   0.7  10.7   13:55     W
11  22.3  29.9   17:34  17.7   04:54   0.0   0.7   2.6   0.7  12.1   23:40     W
12  22.3  29.8   17:55  17.5   06:06   0.0   0.8  21.8   1.5  19.7   20:21   WSW
13  20.0  24.0   12:54  17.2   23:59   0.0   0.0   0.8   1.1   9.8   14:39     W
14  19.1  24.8   17:09  15.0   06:15   0.0   0.0   0.1   0.7   9.2   21:13     W
15  17.2  21.1   14:35  13.4   05:59   0.3   0.0   2.5   1.5  15.9   13:54   SSW
16  17.0  20.7   14:03  15.0   05:20   0.1   0.0   6.4   1.4  11.4   10:04    SW
17  16.5  19.7   14:28  15.0   03:51   0.2   0.0   2.1   0.2   7.6   14:19     S
18  17.5  22.4   18:00  14.9   05:26   0.1   0.0   7.1   1.6  16.8   14:31   WSW
19  17.4  19.2   17:14  14.7   03:55   0.0   0.0   8.4   1.0   9.8   14:44     S
20  17.4  21.2   16:27  12.7   06:31   0.4   0.0   0.7   2.1  20.6   02:34     S
21  16.4  19.8   13:04  14.0   04:19   0.2   0.0   8.7   3.8  33.6   13:44    SW
22  15.8  19.3   14:39  13.9   05:14   0.5   0.0   2.5   5.4  29.8   12:21     W
23  14.8  17.5   13:12  12.5   06:32   1.0   0.0   3.3   3.3  17.4   02:48     W
24  15.1  20.5   18:01  12.0   06:59   1.1   0.0   0.2   1.6  12.1   11:51     W
25  15.5  17.7   12:29  13.9   23:47   0.5   0.0  28.9   6.0  37.4   16:00   WSW
26  14.7  17.9   15:06  12.2   23:53   1.2   0.0   2.7   4.3  31.1   02:51     W
27  12.4  14.6   12:47  11.2   03:01   3.1   0.0   8.1   0.3   9.2   14:10   SSE
28  12.2  13.5   13:09   9.6   23:46   3.3   0.0   6.7   2.1  22.8   19:06    NW
29  10.8  13.8   15:07   8.5   05:41   4.7   0.0   0.1   1.4  17.4   16:48    NW
30  10.0  14.6   16:53   5.6   06:35   5.5   0.0   0.0   0.8  13.0   10:29   NNW
31  11.8  16.4   15:13   8.3   01:32   3.8   0.0   0.0   0.2   6.0   13:53   WSW
----------------------------------------------------------------------------------
    16.6  29.9    11     5.6    30    31.8   2.0 116.2   1.7  37.4    25     WSW

Max >=  27.0:  3
Max <=   0.0:  0
Min <=   0.0:  0
Min <= -18.0:  0
Max Rain: 28.9 on day 25
Days of Rain: 20 (>= 0.2 mm)  14 (>= 2.0 mm)  2 (>= 20.0 mm)
Heat Base: 15.5  Cool Base: 25.0  Method: Integration


Page updated 20/11/2018 17:26:21
© Sandaysoft 2009
powered by Sandy Software Cumulus software v1.9.2 by Steve Loft