NOAA-style Climate Reports for Audley UK


Report for 2020 Dec
                   Monthly Climatological Summary for Dec 2020

Name: Audley   City: Stoke-on-Trent   County: Staffordshire   Country: UK
Elevation: 140 m  Lat: N 53 03' 19"   Lon: W 002 18' 04"

                  Temperature (C), Rain (mm), Wind Speed (mph)

                                      Heat  Cool        Avg
    Mean                              Deg   Deg         Wind                 Dom
Day Temp  High   Time   Low    Time   Days  Days  Rain  Speed High   Time    Dir
----------------------------------------------------------------------------------
 1   3.9   5.9   12:52   1.6   07:38  11.6   0.0   0.1   0.6   6.9   12:33    NW
 2   5.8   7.5   09:58   3.6   19:57   9.7   0.0   0.5   3.2  15.9   14:16   WNW
 3   3.3   4.9   00:26   1.4   23:15  12.2   0.0  12.4   2.2  14.5   01:06   WNW
 4   3.0   4.0   21:04   1.6   00:00  12.5   0.0   9.4   4.9  22.8   08:28    NW
 5   2.7   4.9   14:24   0.4   22:30  12.8   0.0   2.7   2.4  12.1   12:17     S
 6   2.9   4.7   18:40   0.7   00:00  12.6   0.0   0.2   0.2   4.5   01:03   NNW
 7   2.9   4.1   00:22   0.7   21:37  12.6   0.0   0.1   0.6   5.4   13:35   WNW
 8   4.2   6.5   19:52   1.4   00:01  11.3   0.0  11.8   3.8  17.4   20:17   WNW
 9   4.8   6.2   01:33   3.8   21:15  10.7   0.0   1.6   3.5  13.0   01:18   WSW
10   5.7   6.7   14:36   4.0   00:02   9.8   0.0   2.5   6.4  15.9   02:10    SE
11   7.7   8.6   12:43   6.3   00:00   7.8   0.0   4.9   2.0  13.6   00:09   SSE
12   6.5   7.7   00:09   3.0   22:41   9.0   0.0   4.9   3.9  16.8   06:41   WNW
13   6.0  10.0   18:42   2.1   02:32   9.5   0.0  11.5   5.4  22.1   11:03    SE
14   7.8   9.0   14:28   6.3   22:33   7.7   0.0   1.0   3.7  18.3   02:46     S
15   6.3   7.9   14:07   5.1   07:53   9.2   0.0   0.1   4.4  15.9   12:52   SSE
16   6.9   8.3   10:22   4.9   23:14   8.6   0.0   9.6   5.5  20.6   04:10   SSE
17   6.8  10.1   21:44   4.7   04:15   8.7   0.0   3.9   3.4  20.6   22:45   SSE
18  11.4  12.2   15:44  10.0   00:00   4.1   0.0   3.7   6.7  23.5   14:30   SSE
19   8.2  11.4   00:00   5.6   23:49   7.3   0.0   6.4   3.7  21.3   12:18     S
20   5.5   7.0   14:42   3.7   23:20  10.0   0.0   1.5   2.1  15.9   01:54    SW
21   7.9  11.7   19:07   3.7   02:30   7.6   0.0  12.7   4.9  22.1   16:49   SSE
22   4.8   8.3   00:00   2.7   09:12  10.7   0.0   5.5   2.1  13.0   01:22   WNW
23   5.3   6.3   12:49   4.3   06:36  10.2   0.0   2.7   8.3  33.6   16:31   SSW
24   1.7   5.6   00:00  -0.9   23:57  13.8   0.0   0.0   3.7  25.9   01:03   NNW
25   0.4   4.1   23:52  -2.1   08:22  15.1   0.0   0.1   2.0  14.5   23:48   WNW
26   7.0   9.5   19:27   4.0   00:22   8.5   0.0  12.0  10.1  45.6   19:35   WNW
27   3.8   7.5   01:16   1.6   21:32  11.7   0.0   5.5   5.9  27.3   00:02   WNW
28   0.6   1.7   00:00  -0.3   23:45  14.9   0.0   2.1   1.1   9.2   13:18     N
29   0.1   1.6   14:40  -1.1   02:21  15.4   0.0   0.0   0.5   9.2   14:24   NNW
30   0.8   2.0   13:22   0.0   23:44  14.7   0.0   0.4   1.6   9.2   03:08    NW
31   0.3   2.1   15:27  -1.2   02:25  15.2   0.0  13.9   0.9   9.2   06:26    NW
----------------------------------------------------------------------------------
     4.7  12.2    18    -2.1    25   335.5   0.0 143.7   3.5  45.6    26      SW

Max >=  27.0:  0
Max <=   0.0:  0
Min <=   0.0:  6
Min <= -18.0:  0
Max Rain: 13.9 on day 31
Days of Rain: 25 (>= 0.2 mm)  19 (>= 2.0 mm)  0 (>= 20.0 mm)
Heat Base: 15.5  Cool Base: 25.0  Method: Integration


Page updated 20/11/2018 17:26:21
© Sandaysoft 2009
powered by Sandy Software Cumulus software v1.9.2 by Steve Loft