NOAA-style Climate Reports for Audley UK


Report for 2021 Apr
                   Monthly Climatological Summary for Apr 2021

Name: Audley   City: Stoke-on-Trent   County: Staffordshire   Country: UK
Elevation: 140 m  Lat: N 53 03' 19"   Lon: W 002 18' 04"

                  Temperature (C), Rain (mm), Wind Speed (mph)

                                      Heat  Cool        Avg
    Mean                              Deg   Deg         Wind                 Dom
Day Temp  High   Time   Low    Time   Days  Days  Rain  Speed High   Time    Dir
----------------------------------------------------------------------------------
 1   8.3  12.0   00:00   5.1   22:26   7.2   0.0   0.0   5.0  14.5   02:09   ESE
 2   6.4  12.6   18:12   0.7   05:37   9.1   0.0   0.0   2.8  14.5   17:36   ENE
 3   7.1  13.2   18:10   3.4   04:10   8.4   0.0   0.0   1.8  13.6   08:47   NNE
 4   7.6  13.5   14:49   2.3   05:12   7.9   0.0   0.0   4.1  23.5   23:56    NW
 5   4.4   8.1   00:00   1.4   23:19  11.1   0.0   0.0   7.8  27.3   05:05    NW
 6   1.8   5.6   14:53  -0.9   23:31  13.7   0.0   0.1   5.2  26.6   17:21   NNW
 7   2.8   6.0   16:31  -0.8   00:00  12.6   0.0   0.0   4.1  21.3   11:11    NW
 8   6.9  10.5   12:42   2.9   01:13   8.6   0.0   0.4   6.8  26.6   16:27   WSW
 9   5.7   8.8   18:18   1.9   23:29   9.8   0.0   1.2   3.6  17.4   00:27     W
10   1.7   3.1   17:35  -0.1   06:08  13.8   0.0   4.3   1.2   9.8   12:06     N
11   3.2   7.6   17:36   0.5   08:12  12.3   0.0   0.2   2.8  19.0   16:18   NNW
12   4.2  10.6   17:44   0.5   06:36  11.3   0.0   0.0   1.6  13.6   18:00   WNW
13   5.7  11.8   16:38   0.0   06:06   9.8   0.0   0.0   0.8   6.9   14:13    NW
14   6.7  12.2   18:36   1.4   07:39   8.8   0.0   0.0   1.5   9.8   20:20     E
15   5.9  13.3   17:39   0.1   06:23   9.6   0.0   0.0   2.2   9.2   13:56   ESE
16   6.4  11.8   16:21   0.8   06:22   9.1   0.0   0.0   1.5   6.9   08:23    SE
17   8.1  15.1   18:08   2.1   05:57   7.4   0.0   0.0   1.4   9.2   12:54     S
18   9.0  14.9   18:17   2.8   06:00   6.5   0.0   0.0   1.6   9.2   17:45   SSE
19  10.5  19.2   18:01   4.0   06:08   5.2   0.0   0.0   2.1   9.2   16:41    SE
20  10.8  15.8   16:23   5.2   06:17   4.7   0.0   0.0   1.3  13.0   18:02   NNW
21   9.4  13.3   12:57   4.9   23:55   6.1   0.0   0.0   4.3  19.0   11:48   ESE
22   8.3  18.0   17:49   0.9   06:35   7.3   0.0   0.0   2.9   9.8   00:06    SE
23  10.8  19.1   17:37   3.1   05:30   5.1   0.0   0.0   3.5  12.1   11:31    SE
24  11.3  20.0   17:48   4.7   06:04   4.6   0.0   0.0   4.1  19.7   22:38   ESE
25   9.1  16.9   17:58   4.1   03:34   6.5   0.0   0.0   3.1  13.6   00:04   ESE
26   8.5  16.2   17:18   1.8   05:46   7.0   0.0   0.0   1.3   9.2   10:10   ESE
27   9.2  11.3   16:14   7.0   23:51   6.3   0.0   3.5   1.6   9.8   19:05   NNE
28   7.4  12.3   18:05   4.8   04:06   8.1   0.0   1.8   3.9  15.9   11:25     E
29   5.7   9.6   14:03   2.3   06:05   9.8   0.0   0.1   1.6  16.8   14:09     N
30   6.3  10.7   17:53   2.2   06:22   9.2   0.0   0.0   1.3  13.0   13:29     N
----------------------------------------------------------------------------------
     7.0  20.0    24    -0.9     6   256.9   0.0  11.6   2.9  27.3     5      NE

Max >=  27.0:  0
Max <=   0.0:  0
Min <=   0.0:  4
Min <= -18.0:  0
Max Rain: 4.3 on day 10
Days of Rain: 6 (>= 0.2 mm)  2 (>= 2.0 mm)  0 (>= 20.0 mm)
Heat Base: 15.5  Cool Base: 25.0  Method: Integration


Page updated 20/11/2018 17:26:21
© Sandaysoft 2009
powered by Sandy Software Cumulus software v1.9.2 by Steve Loft