NOAA-style Climate Reports for Audley UK


Report for 2021 Jun
                   Monthly Climatological Summary for Jun 2021

Name: Audley   City: Stoke-on-Trent   County: Staffordshire   Country: UK
Elevation: 140 m  Lat: N 53 03' 19"   Lon: W 002 18' 04"

                  Temperature (C), Rain (mm), Wind Speed (mph)

                                      Heat  Cool        Avg
    Mean                              Deg   Deg         Wind                 Dom
Day Temp  High   Time   Low    Time   Days  Days  Rain  Speed High   Time    Dir
----------------------------------------------------------------------------------
 1  18.5  26.3   16:55  11.5   05:13   0.8   0.0   0.0   2.2  11.4   19:30    SE
 2  19.3  26.4   16:25  12.2   05:26   0.6   0.1   0.2   2.1  12.1   13:32   ESE
 3  17.6  21.3   17:00  13.6   23:46   0.1   0.0   0.0   2.7  15.2   18:36    SW
 4  14.6  22.7   17:47   9.4   06:21   2.1   0.0   0.0   0.7  11.4   14:02     W
 5  15.9  24.0   16:58   9.7   04:42   1.7   0.0   0.0   1.6  15.9   19:15   WSW
 6  16.2  22.9   17:29  12.9   07:10   0.6   0.0   1.8   0.7   9.2   16:28     N
 7  16.8  21.9   16:59  12.5   04:23   0.7   0.0   0.0   2.0  14.5   12:55   WSW
 8  16.4  25.4   17:33  10.1   04:59   1.5   0.0   0.0   1.8  13.6   10:34   WSW
 9  17.7  23.0   16:47  12.0   05:38   0.7   0.0   0.0   2.6  15.9   17:59   WSW
10  18.7  23.6   17:48  15.8   03:42   0.0   0.0   0.0   2.4  18.3   19:41   WSW
11  17.3  22.0   16:29  15.0   22:41   0.0   0.0   0.0   3.8  21.3   12:27   WSW
12  15.4  21.3   17:09  11.5   05:03   1.2   0.0   0.0   1.5  14.5   13:55     W
13  19.0  28.5   17:50  11.9   01:51   0.9   0.1   0.0   0.8   9.2   14:03    SW
14  16.1  20.6   00:00  11.1   23:54   0.6   0.0   0.1   1.7  14.5   14:50     W
15  15.8  25.8   17:13   9.0   03:53   2.0   0.0   0.0   0.9  12.1   15:43    SW
16  18.4  27.0   16:39  13.3   06:06   0.5   0.1   0.0   1.7  14.5   17:20   WSW
17  15.7  19.3   13:22  13.0   05:08   0.8   0.0   0.0   0.8  13.0   11:06   NNW
18  13.9  16.8   12:02  10.4   05:51   1.8   0.0   0.0   1.3  13.0   16:56   ENE
19  14.8  21.7   16:44   9.9   03:28   1.9   0.0   0.2   1.0  13.0   18:13    SE
20  12.9  18.1   16:29   9.4   05:15   2.8   0.0   7.2   1.5  13.0   05:46   ESE
21  12.7  18.6   12:51   8.6   04:47   3.1   0.0   0.0   1.8  14.5   16:14   ENE
22  12.9  20.1   17:22   6.2   05:32   3.3   0.0   0.0   1.0  11.4   11:41   NNE
23  13.7  18.4   14:05   8.3   05:42   2.5   0.0   0.0   0.7   9.8   17:08   WNW
24  15.6  19.9   17:49  13.0   02:20   0.8   0.0   1.1   0.5   9.2   11:34   WNW
25  12.3  15.3   00:00  10.5   23:39   3.2   0.0   9.6   1.7  13.6   03:06    NW
26  14.6  22.3   17:29   9.8   05:59   2.0   0.0   1.1   1.5  11.4   18:58     E
27  15.3  19.6   16:12  10.9   04:49   1.2   0.0   0.0   2.1  13.0   10:32     E
28  13.8  16.4   12:15  12.3   04:41   1.7   0.0  10.2   0.6   9.8   08:30     E
29  17.0  23.6   16:45  13.5   00:05   0.7   0.0   0.1   0.9  10.7   15:01   NNE
30  16.1  22.1   17:58  11.7   06:02   1.0   0.0   0.0   0.5   9.8   18:50     W
----------------------------------------------------------------------------------
    15.8  28.5    13     6.2    22    40.8   0.3  31.6   1.5  21.3    11     WSW

Max >=  27.0:  2
Max <=   0.0:  0
Min <=   0.0:  0
Min <= -18.0:  0
Max Rain: 10.2 on day 28
Days of Rain: 8 (>= 0.2 mm)  3 (>= 2.0 mm)  0 (>= 20.0 mm)
Heat Base: 15.5  Cool Base: 25.0  Method: Integration


Page updated 20/11/2018 17:26:21
© Sandaysoft 2009
powered by Sandy Software Cumulus software v1.9.2 by Steve Loft